{"id":87,"date":"2020-10-29T11:24:58","date_gmt":"2020-10-29T10:24:58","guid":{"rendered":"http:\/\/52.57.17.80\/?page_id=87"},"modified":"2022-03-03T16:10:58","modified_gmt":"2022-03-03T15:10:58","slug":"datenschutz","status":"publish","type":"page","link":"https:\/\/puttsimulator.com\/index.php\/datenschutz\/","title":{"rendered":"Datenschutz"},"content":{"rendered":"\t\t<div data-elementor-type=\"wp-page\" data-elementor-id=\"87\" class=\"elementor elementor-87\">\n\t\t\t\t\t\t<section class=\"elementor-section elementor-top-section elementor-element elementor-element-d7d8b56 elementor-section-boxed elementor-section-height-default elementor-section-height-default\" data-id=\"d7d8b56\" data-element_type=\"section\" data-settings=\"{&quot;background_background&quot;:&quot;classic&quot;}\">\n\t\t\t\t\t\t\t<div class=\"elementor-background-overlay\"><\/div>\n\t\t\t\t\t\t\t<div class=\"elementor-container elementor-column-gap-default\">\n\t\t\t\t\t<div class=\"elementor-column elementor-col-100 elementor-top-column elementor-element elementor-element-fd69444\" data-id=\"fd69444\" data-element_type=\"column\">\n\t\t\t<div class=\"elementor-widget-wrap elementor-element-populated\">\n\t\t\t\t\t\t<div class=\"elementor-element elementor-element-abcc2f2 elementor-widget elementor-widget-heading\" data-id=\"abcc2f2\" data-element_type=\"widget\" data-widget_type=\"heading.default\">\n\t\t\t\t<div class=\"elementor-widget-container\">\n\t\t\t\t\t<h1 class=\"elementor-heading-title elementor-size-default\">Datenschutz<\/h1>\t\t\t\t<\/div>\n\t\t\t\t<\/div>\n\t\t\t\t\t<\/div>\n\t\t<\/div>\n\t\t\t\t\t<\/div>\n\t\t<\/section>\n\t\t\t\t<section class=\"elementor-section elementor-top-section elementor-element elementor-element-5c40d7b elementor-section-boxed elementor-section-height-default elementor-section-height-default\" data-id=\"5c40d7b\" data-element_type=\"section\">\n\t\t\t\t\t\t<div class=\"elementor-container elementor-column-gap-default\">\n\t\t\t\t\t<div class=\"elementor-column elementor-col-100 elementor-top-column elementor-element elementor-element-2ebbf9c\" data-id=\"2ebbf9c\" data-element_type=\"column\">\n\t\t\t<div class=\"elementor-widget-wrap elementor-element-populated\">\n\t\t\t\t\t\t<div class=\"elementor-element elementor-element-fe195c7 elementor-widget elementor-widget-heading\" data-id=\"fe195c7\" data-element_type=\"widget\" data-widget_type=\"heading.default\">\n\t\t\t\t<div class=\"elementor-widget-container\">\n\t\t\t\t\t<h2 class=\"elementor-heading-title elementor-size-default\">Datenschutzerkl\u00e4rung<\/h2>\t\t\t\t<\/div>\n\t\t\t\t<\/div>\n\t\t\t\t<div class=\"elementor-element elementor-element-dc051dd elementor-widget-divider--view-line elementor-widget elementor-widget-divider\" data-id=\"dc051dd\" data-element_type=\"widget\" data-widget_type=\"divider.default\">\n\t\t\t\t<div class=\"elementor-widget-container\">\n\t\t\t\t\t\t\t<div class=\"elementor-divider\">\n\t\t\t<span class=\"elementor-divider-separator\">\n\t\t\t\t\t\t<\/span>\n\t\t<\/div>\n\t\t\t\t\t\t<\/div>\n\t\t\t\t<\/div>\n\t\t\t\t<div class=\"elementor-element elementor-element-5dcd18a elementor-widget elementor-widget-text-editor\" data-id=\"5dcd18a\" data-element_type=\"widget\" data-widget_type=\"text-editor.default\">\n\t\t\t\t<div class=\"elementor-widget-container\">\n\t\t\t\t\t\t\t\t\t<div class=\"elementor-element elementor-element-17827b9 elementor-widget elementor-widget-heading\" data-id=\"17827b9\" data-element_type=\"widget\" data-widget_type=\"heading.default\"><div class=\"elementor-widget-container\"><h4 class=\"elementor-heading-title elementor-size-default\"><span style=\"color: #999999;\">Verantwortlicher<\/span><\/h4><\/div><\/div><div class=\"elementor-element elementor-element-768255d elementor-widget elementor-widget-text-editor\" data-id=\"768255d\" data-element_type=\"widget\" data-widget_type=\"text-editor.default\"><div class=\"elementor-widget-container\"><div class=\"elementor-text-editor elementor-clearfix\"><p><span style=\"color: #ffffff;\">D3Dputtlabor GmbH<\/span><br \/><span style=\"color: #ffffff;\">Frauensteinstr. 3<\/span><br \/><span style=\"color: #ffffff;\">60322 Frankfurt a. Main<\/span><\/p><p><span style=\"color: #999999;\"><strong>Vertreten durch:<\/strong><\/span><br \/><span style=\"color: #ffffff;\">Dr. Gerald Miosga<\/span><\/p><\/div><\/div><\/div><div class=\"elementor-element elementor-element-afa9625 elementor-widget elementor-widget-heading\" data-id=\"afa9625\" data-element_type=\"widget\" data-widget_type=\"heading.default\"><div class=\"elementor-widget-container\"><h4 class=\"elementor-heading-title elementor-size-default\"><span style=\"color: #999999;\">Art der verarbeiteten Daten<\/span><\/h4><\/div><\/div><div class=\"elementor-element elementor-element-e85f98b elementor-widget elementor-widget-text-editor\" data-id=\"e85f98b\" data-element_type=\"widget\" data-widget_type=\"text-editor.default\"><div class=\"elementor-widget-container\"><div class=\"elementor-text-editor elementor-clearfix\"><ul><li><span style=\"color: #ffffff;\">Bestandsdaten (z.B. Name, Adresse)<\/span><\/li><li><span style=\"color: #ffffff;\">Kontaktdaten (z.B. Email, Telefonnummer)<\/span><\/li><li><span style=\"color: #ffffff;\">Inhaltsdaten (z.B. Texteingabe, Foto, Video)<\/span><\/li><li><span style=\"color: #ffffff;\">Nutzungsdaten (z.B. besuchte Weseiten, Interessen an Inhalten, Zugriffszeiten)<\/span><\/li><li><span style=\"color: #ffffff;\">Meta-\/Kommunikationsdaten (z.B. Ger\u00e4te Informationen, IP-Adresse)<\/span><\/li><\/ul><\/div><\/div><\/div><div class=\"elementor-element elementor-element-011ea49 elementor-widget elementor-widget-heading\" data-id=\"011ea49\" data-element_type=\"widget\" data-widget_type=\"heading.default\"><div class=\"elementor-widget-container\"><h4 class=\"elementor-heading-title elementor-size-default\"><span style=\"color: #999999;\">Zweck der Verarbeitung<\/span><\/h4><\/div><\/div><div class=\"elementor-element elementor-element-bc7afab elementor-widget elementor-widget-text-editor\" data-id=\"bc7afab\" data-element_type=\"widget\" data-widget_type=\"text-editor.default\"><div class=\"elementor-widget-container\"><div class=\"elementor-text-editor elementor-clearfix\"><ul><li><span style=\"color: #ffffff;\">Zurverf\u00fcgungstellung des Inlineangebots und seiner Funktionen<\/span><\/li><li><span style=\"color: #ffffff;\">Beantwortung von Kontaktanfragen und Kommunikation mit Nutzen<\/span><\/li><li><span style=\"color: #ffffff;\">Sicherheitsma\u00dfnahmen<\/span><\/li><li><span style=\"color: #ffffff;\">Reichweitenmessung\/Marketing<\/span><\/li><\/ul><\/div><\/div><\/div><div class=\"elementor-element elementor-element-e8c13fc elementor-widget elementor-widget-heading\" data-id=\"e8c13fc\" data-element_type=\"widget\" data-widget_type=\"heading.default\"><div class=\"elementor-widget-container\"><h4 class=\"elementor-heading-title elementor-size-default\"><span style=\"color: #999999;\">Eingebettete Inhalte von anderen Websites<\/span><\/h4><\/div><\/div><div class=\"elementor-element elementor-element-a6a2734 elementor-widget elementor-widget-text-editor\" data-id=\"a6a2734\" data-element_type=\"widget\" data-widget_type=\"text-editor.default\"><div class=\"elementor-widget-container\"><div class=\"elementor-text-editor elementor-clearfix\"><p><span style=\"color: #ffffff;\">Beitr\u00e4ge dieser Website k\u00f6nnen eingebettete Inhalte beinhalten (z.B. Videos, Bilder, Beitr\u00e4ge, etc.). Eingebettete Inhalte von anderen Websites sind exakt so, als ob der Besucher die andere Website besucht h\u00e4tte.<\/span><br \/><span style=\"color: #ffffff;\">Diese Websites k\u00f6nnen Daten \u00fcber dich sammeln, Cookies benutzen, zus\u00e4tzliche Tracking Dienste von Dritten einbetten und deine Interaktionen mit diesem eingebetteten Inhalt aufzeichnen, inklusive deiner Interaktion mit dem eingebetteten Inhalt, falls du ein Koto hast und auf der Website angemeldet bist.<\/span><\/p><\/div><\/div><\/div><div class=\"elementor-element elementor-element-1f3eace elementor-widget elementor-widget-heading\" data-id=\"1f3eace\" data-element_type=\"widget\" data-widget_type=\"heading.default\"><div class=\"elementor-widget-container\"><h4 class=\"elementor-heading-title elementor-size-default\"><span style=\"color: #999999;\">Verwendete Begrifflichkeiten<\/span><\/h4><\/div><\/div><div class=\"elementor-element elementor-element-738029b elementor-widget elementor-widget-text-editor\" data-id=\"738029b\" data-element_type=\"widget\" data-widget_type=\"text-editor.default\"><div class=\"elementor-widget-container\"><div class=\"elementor-text-editor elementor-clearfix\"><p><span style=\"color: #ffffff;\">\u201cPersonenbezogene Daten\u201d sind alle Informationen, die sich auf eine identifizierte oder identifizierbare nat\u00fcrliche Person beziehen; als identifizierbar wir eine nat\u00fcrliche Person angesehen, die direkt oder indirekt, insbesondere mittels Zuordnung zu einer Kennung wie einem Namen, einer Kennnummer, zu Stadortdaten, zu einer Online-Kennung (z.B. Cookies) oder zu einem oder mehreren besonderen Merkmalen identifiziert werden kann, die Ausdruck der physischen, physiologischen, genetischen, phsychischen, wirtschftlichen, kulturellen oder sozialen Identit\u00e4t dieser nat\u00fcrlichen Person sind.<\/span><\/p><p><span style=\"color: #ffffff;\">\u201cVerarbeitung\u201d ist jeder mit oder ohne Hilfe automatisierter Verfahren ausgef\u00fchrter Vorgang oder jede solche Vorgangsreihe im Zusammenhang mit personenenbezogenen Daten. Der Begriff reicht weit und umfasst praktisch jeden Umgang mit Daten.<\/span><\/p><p><span style=\"color: #ffffff;\">Als \u201cVerantwortlicher\u201d wird die nat\u00fcrliche oder juristische Person, Beh\u00f6rde, Einrichtung oder andere Stelle, die allein oder gemeinsam mit anderen \u00fcber die Zwecke und MIttel der Verarbeitung von personenbezogenen Daten entscheidet, bezeichnet.<\/span><\/p><\/div><\/div><\/div><div class=\"elementor-element elementor-element-2d045d2 elementor-widget elementor-widget-heading\" data-id=\"2d045d2\" data-element_type=\"widget\" data-widget_type=\"heading.default\"><div class=\"elementor-widget-container\"><h4 class=\"elementor-heading-title elementor-size-default\"><span style=\"color: #999999;\">Sicherheitsma\u00dfnahmen<\/span><\/h4><\/div><\/div><div class=\"elementor-element elementor-element-ef30dc7 elementor-widget elementor-widget-text-editor\" data-id=\"ef30dc7\" data-element_type=\"widget\" data-widget_type=\"text-editor.default\"><div class=\"elementor-widget-container\"><div class=\"elementor-text-editor elementor-clearfix\"><p><span style=\"color: #ffffff;\">Wir bitten Sie sich regelm\u00e4\u00dfig \u00fcber den Inhalt unserer Datenschutzerkl\u00e4rung zu informieren. Wir passen die Datenschutzerkl\u00e4rung an, sobald die \u00c4nderungen der von uns durgef\u00fchrten Datenverarbeitung dies erforderlich machen. Wir informieren Sie, sobald durch die \u00c4nderungen eine Mitwirkungshandlung Ihrerseits (z.B. Einwilligung) oder eine sonstige individuelle Benachrichtigung erfoderlich wird.<\/span><\/p><\/div><\/div><\/div><div class=\"elementor-element elementor-element-b313363 elementor-widget elementor-widget-heading\" data-id=\"b313363\" data-element_type=\"widget\" data-widget_type=\"heading.default\"><div class=\"elementor-widget-container\"><h4 class=\"elementor-heading-title elementor-size-default\"><span style=\"color: #999999;\">Widerrufsrecht<\/span><\/h4><\/div><\/div><div class=\"elementor-element elementor-element-2dd87cb elementor-widget elementor-widget-text-editor\" data-id=\"2dd87cb\" data-element_type=\"widget\" data-widget_type=\"text-editor.default\"><div class=\"elementor-widget-container\"><div class=\"elementor-text-editor elementor-clearfix\"><p><span style=\"color: #ffffff;\">Sie haben das Recht, erteilte Einwilligungen gem. Art. 7 Abs. 3 DSGVO mit Wirkung f\u00fcr die Zukunft zu widerrufen.<\/span><\/p><\/div><\/div><\/div><div class=\"elementor-element elementor-element-7304046 elementor-widget elementor-widget-heading\" data-id=\"7304046\" data-element_type=\"widget\" data-widget_type=\"heading.default\"><div class=\"elementor-widget-container\"><h4 class=\"elementor-heading-title elementor-size-default\"><span style=\"color: #999999;\">Widerspruchsrecht<\/span><\/h4><\/div><\/div><div class=\"elementor-element elementor-element-720fc76 elementor-widget elementor-widget-text-editor\" data-id=\"720fc76\" data-element_type=\"widget\" data-widget_type=\"text-editor.default\"><div class=\"elementor-widget-container\"><div class=\"elementor-text-editor elementor-clearfix\"><p><span style=\"color: #ffffff;\">Sie k\u00f6nnen der k\u00fcnftigen Verarbeitung der Sie betreffenden Daten nach Ma\u00dfgabe des Art. 21 DSGVO jederzeit widersprechen. Der Widerspruch kann insbesondere gegen die Verarbeitung f\u00fcr Zwecke der Direktwerbung erfolgen.<\/span><\/p><\/div><\/div><\/div><div class=\"elementor-element elementor-element-df9c2eb elementor-widget elementor-widget-heading\" data-id=\"df9c2eb\" data-element_type=\"widget\" data-widget_type=\"heading.default\"><div class=\"elementor-widget-container\"><h4 class=\"elementor-heading-title elementor-size-default\"><span style=\"color: #999999;\">Analysedienste<\/span><\/h4><\/div><\/div><div class=\"elementor-element elementor-element-9bbbcfc elementor-widget elementor-widget-text-editor\" data-id=\"9bbbcfc\" data-element_type=\"widget\" data-widget_type=\"text-editor.default\"><div class=\"elementor-widget-container\"><div class=\"elementor-text-editor elementor-clearfix\"><p><span style=\"color: #999999;\"><strong>Wie lang werden die Daten gespeichert?<\/strong><\/span><\/p><p><span style=\"color: #999999;\"><span style=\"color: #ffffff;\">Wenn Sie einen Kommentar schreiben, wir dieser inklusive Metadaten zeitlich unbegrenzt gespeichert. Auf diese Art k\u00f6nnen wir Folgekommentare automatisch erkennen und freigeben, anstelle sie in einer Moderations-Warteschlage festzuhalten.<\/span><\/span><\/p><p><span style=\"color: #999999;\"><strong>Welche Rechte haben Sie an Ihren Daten?<br \/><\/strong><span style=\"color: #ffffff;\">Wenn Sie ein Konto auf dieser Website besitzen oder Kommentare geschrieben haben, k\u00f6nnen Sie einen Export Ihrer personenbezogenen Daten anforder, inklusive aller Daten, die Sie uns mitgteilt haben. Dar\u00fcber hinaus k\u00f6nnen Sie die L\u00f6schung aller personenbezogenen Daten, die wir gespeichert haben, anfordern. Dies umfasst nicht die Daten, die wir aufgrund administrativer, rechtlicher oder sicherheitsrelevanter Notwendigkeiten aufbewahren m\u00fcssen.<\/span><strong><br \/><\/strong><\/span><\/p><p><span style=\"color: #999999;\"><strong>Wohin senden wir Ihre Daten?<br \/><\/strong><span style=\"color: #ffffff;\">Besucher-Kommentare k\u00f6nnen von einem automatischen Fienst zu Spam-Erkennung untersucht werden.<\/span><\/span><\/p><\/div><\/div><\/div><div class=\"elementor-element elementor-element-81c0e25 elementor-widget elementor-widget-heading\" data-id=\"81c0e25\" data-element_type=\"widget\" data-widget_type=\"heading.default\"><div class=\"elementor-widget-container\"><h4 class=\"elementor-heading-title elementor-size-default\"><span style=\"color: #999999;\">Gesch\u00e4ftsbezogene Verarbeitung<\/span><\/h4><\/div><\/div><div class=\"elementor-element elementor-element-b8c75c5 elementor-widget elementor-widget-text-editor\" data-id=\"b8c75c5\" data-element_type=\"widget\" data-widget_type=\"text-editor.default\"><div class=\"elementor-widget-container\"><div class=\"elementor-text-editor elementor-clearfix\"><p><span style=\"color: #ffffff;\">Zus\u00e4tzlich verarbeiten wir<\/span><\/p><ul><li><span style=\"color: #ffffff;\">Vertragsdaten (z.B. Vertragsgegenstand, Laufzeit, Kundenkategorie)<\/span><\/li><li><span style=\"color: #ffffff;\">Zahlungsdaten (z.B. Bankverbindung, Zahlungshistorie)<\/span><\/li><\/ul><p><span style=\"color: #ffffff;\">von unseren Kunden, Interessenten und Gesch\u00e4ftspartner zwecks Erbringung vertraglicher Leistungen, Service und Kundenpflege, Marketing, Werbung und Marktforschung.<\/span><\/p><\/div><\/div><\/div>\t\t\t\t\t\t\t\t<\/div>\n\t\t\t\t<\/div>\n\t\t\t\t\t<\/div>\n\t\t<\/div>\n\t\t\t\t\t<\/div>\n\t\t<\/section>\n\t\t\t\t<\/div>\n\t\t","protected":false},"excerpt":{"rendered":"<p>Datenschutz Datenschutzerkl\u00e4rung Verantwortlicher D3Dputtlabor GmbHFrauensteinstr. 360322 Frankfurt a. Main Vertreten durch:Dr. Gerald Miosga Art der verarbeiteten Daten Bestandsdaten (z.B. Name, Adresse) Kontaktdaten (z.B. Email, Telefonnummer) Inhaltsdaten (z.B. Texteingabe, Foto, Video) Nutzungsdaten (z.B. besuchte Weseiten, Interessen an Inhalten, Zugriffszeiten) Meta-\/Kommunikationsdaten (z.B. Ger\u00e4te Informationen, IP-Adresse) Zweck der Verarbeitung Zurverf\u00fcgungstellung des Inlineangebots und seiner Funktionen Beantwortung von Kontaktanfragen [&hellip;]<\/p>\n","protected":false},"author":4,"featured_media":0,"parent":0,"menu_order":0,"comment_status":"closed","ping_status":"closed","template":"","meta":{"site-sidebar-layout":"no-sidebar","site-content-layout":"page-builder","ast-site-content-layout":"default","site-content-style":"default","site-sidebar-style":"default","ast-global-header-display":"","ast-banner-title-visibility":"","ast-main-header-display":"","ast-hfb-above-header-display":"","ast-hfb-below-header-display":"","ast-hfb-mobile-header-display":"","site-post-title":"disabled","ast-breadcrumbs-content":"","ast-featured-img":"disabled","footer-sml-layout":"","ast-disable-related-posts":"","theme-transparent-header-meta":"default","adv-header-id-meta":"","stick-header-meta":"default","header-above-stick-meta":"","header-main-stick-meta":"","header-below-stick-meta":"","astra-migrate-meta-layouts":"default","ast-page-background-enabled":"default","ast-page-background-meta":{"desktop":{"background-color":"","background-image":"","background-repeat":"repeat","background-position":"center center","background-size":"auto","background-attachment":"scroll","background-type":"","background-media":"","overlay-type":"","overlay-color":"","overlay-opacity":"","overlay-gradient":""},"tablet":{"background-color":"","background-image":"","background-repeat":"repeat","background-position":"center center","background-size":"auto","background-attachment":"scroll","background-type":"","background-media":"","overlay-type":"","overlay-color":"","overlay-opacity":"","overlay-gradient":""},"mobile":{"background-color":"","background-image":"","background-repeat":"repeat","background-position":"center center","background-size":"auto","background-attachment":"scroll","background-type":"","background-media":"","overlay-type":"","overlay-color":"","overlay-opacity":"","overlay-gradient":""}},"ast-content-background-meta":{"desktop":{"background-color":"var(--ast-global-color-5)","background-image":"","background-repeat":"repeat","background-position":"center center","background-size":"auto","background-attachment":"scroll","background-type":"","background-media":"","overlay-type":"","overlay-color":"","overlay-opacity":"","overlay-gradient":""},"tablet":{"background-color":"var(--ast-global-color-5)","background-image":"","background-repeat":"repeat","background-position":"center center","background-size":"auto","background-attachment":"scroll","background-type":"","background-media":"","overlay-type":"","overlay-color":"","overlay-opacity":"","overlay-gradient":""},"mobile":{"background-color":"var(--ast-global-color-5)","background-image":"","background-repeat":"repeat","background-position":"center center","background-size":"auto","background-attachment":"scroll","background-type":"","background-media":"","overlay-type":"","overlay-color":"","overlay-opacity":"","overlay-gradient":""}},"footnotes":""},"class_list":["post-87","page","type-page","status-publish","hentry"],"_links":{"self":[{"href":"https:\/\/puttsimulator.com\/index.php\/wp-json\/wp\/v2\/pages\/87","targetHints":{"allow":["GET"]}}],"collection":[{"href":"https:\/\/puttsimulator.com\/index.php\/wp-json\/wp\/v2\/pages"}],"about":[{"href":"https:\/\/puttsimulator.com\/index.php\/wp-json\/wp\/v2\/types\/page"}],"author":[{"embeddable":true,"href":"https:\/\/puttsimulator.com\/index.php\/wp-json\/wp\/v2\/users\/4"}],"replies":[{"embeddable":true,"href":"https:\/\/puttsimulator.com\/index.php\/wp-json\/wp\/v2\/comments?post=87"}],"version-history":[{"count":9,"href":"https:\/\/puttsimulator.com\/index.php\/wp-json\/wp\/v2\/pages\/87\/revisions"}],"predecessor-version":[{"id":672,"href":"https:\/\/puttsimulator.com\/index.php\/wp-json\/wp\/v2\/pages\/87\/revisions\/672"}],"wp:attachment":[{"href":"https:\/\/puttsimulator.com\/index.php\/wp-json\/wp\/v2\/media?parent=87"}],"curies":[{"name":"wp","href":"https:\/\/api.w.org\/{rel}","templated":true}]}}